{"id":847,"date":"2017-06-01T13:05:09","date_gmt":"2017-06-01T11:05:09","guid":{"rendered":"http:\/\/taglichtmedia.de\/?page_id=847"},"modified":"2018-05-24T20:23:04","modified_gmt":"2018-05-24T18:23:04","slug":"imprint","status":"publish","type":"page","link":"https:\/\/taglichtmedia.de\/en\/imprint\/","title":{"rendered":"Imprint"},"content":{"rendered":"<p>[vc_row][vc_column][vc_custom_heading source=&#8221;post_title&#8221; use_theme_fonts=&#8221;yes&#8221;][vc_row_inner][vc_column_inner width=&#8221;1\/2&#8243;][vc_column_text]<\/p>\n<h3><strong>Angaben gem\u00e4\u00df \u00a7 5 TMG<\/strong><\/h3>\n<p>taglicht media<br \/>\nFilm-&amp;Fernsehproduktion GmbH<br \/>\nC\u00e4sarstra\u00dfe 58<br \/>\nD-50968 K\u00f6ln<\/p>\n<p>Tel.: +49 221 349090<br \/>\nFax: +49 221 3490911<br \/>\n<a href=\"mailto:kontakt@taglichtmedia.de\">kontakt@taglichtmedia.de<\/a><\/p>\n<p>Gesch\u00e4ftsf\u00fchrer: Dr. Uli Veith, Bernd Wilting<br \/>\nHRB 34842, Amtsgericht K\u00f6ln<br \/>\nU-St.ID: DE212757491<\/p>\n<p>&nbsp;<\/p>\n<h3><strong>Verantwortlich f\u00fcr den Inhalt nach \u00a7 55 Abs. 2 RStV<\/strong><\/h3>\n<p>taglicht media<br \/>\nFilm-&amp;Fernsehproduktion GmbH<br \/>\nC\u00e9line Deligny<br \/>\nC\u00e4sarstra\u00dfe 58<br \/>\nD-50968 K\u00f6ln<\/p>\n<p>&nbsp;<\/p>\n<h3><strong>Online-Streitbeilegung<\/strong><\/h3>\n<p>Die Europ\u00e4ische Kommission stellt unter https:\/\/ec.europa.eu\/consumers\/odr\/ eine Plattform zur Online-Streitbeilegung bereit, die Verbraucher f\u00fcr die Beilegung einer Streitigkeit nutzen k\u00f6nnen und auf der weitere Informationen zum Thema Streitschlichtung zu finden sind.<\/p>\n<p>&nbsp;<\/p>\n<h3><strong>Au\u00dfergerichtliche Streitbeilegung<\/strong><\/h3>\n<p>Wir sind weder verpflichtet noch dazu bereit, im Falle einer Streitigkeit mit einem Verbraucher an einem Streitbeilegungsverfahren vor einer Verbraucherschlichtungsstelle teilzunehmen.<\/p>\n<p>&nbsp;<\/p>\n<h3><strong>Haftung f\u00fcr Inhalte<\/strong><\/h3>\n<p>Als Dienstanbieter sind wir gem\u00e4\u00df \u00a7 7 Abs.1 TMG f\u00fcr eigene Inhalte auf diesen Seiten nach den allgemeinen Gesetzen verantwortlich. Nach \u00a7\u00a7 8 bis 10 TMG sind wir als Dienstanbieter jedoch nicht verpflichtet, \u00fcbermittelte oder gespeicherte fremde Informationen zu \u00fcberwachen oder nach Umst\u00e4nden zu forschen, die auf eine rechtswidrige T\u00e4tigkeit hinweisen.<\/p>\n<p>Verpflichtungen zur Entfernung oder Sperrung der Nutzung von Informationen nach den allgemeinen Gesetzen bleiben hiervon unber\u00fchrt. Eine diesbez\u00fcgliche Haftung ist jedoch erst ab dem Zeitpunkt der Kenntnis einer konkreten Rechtsverletzung m\u00f6glich. Bei Bekanntwerden von entsprechenden Rechtsverletzungen werden wir diese Inhalte umgehend entfernen.<\/p>\n<p>&nbsp;<\/p>\n<h3><strong>Haftung f\u00fcr Links<\/strong><\/h3>\n<p>Unser Angebot enth\u00e4lt Links zu externen Webseiten Dritter, auf deren Inhalte wir keinen Einfluss haben. Deshalb k\u00f6nnen wir f\u00fcr diese fremden Inhalte auch keine Gew\u00e4hr \u00fcbernehmen. F\u00fcr die Inhalte der verlinkten Seiten ist stets der jeweilige Anbieter oder Betreiber der Seiten verantwortlich. Die verlinkten Seiten wurden zum Zeitpunkt der Verlinkung auf m\u00f6gliche Rechtsverst\u00f6\u00dfe \u00fcberpr\u00fcft. Rechtswidrige Inhalte waren zum Zeitpunkt der Verlinkung nicht erkennbar.<\/p>\n<p>Eine permanente inhaltliche Kontrolle der verlinkten Seiten ist jedoch ohne konkrete Anhaltspunkte einer Rechtsverletzung nicht zumutbar. Bei Bekanntwerden von Rechtsverletzungen werden wir derartige Links umgehend entfernen.<\/p>\n<p>&nbsp;<\/p>\n<h3><strong>Urheberrecht<\/strong><\/h3>\n<p>Die durch die Seitenbetreiber erstellten Inhalte und Werke auf diesen Seiten unterliegen dem deutschen Urheberrecht. Die Vervielf\u00e4ltigung, Bearbeitung, Verbreitung und jede Art der Verwertung au\u00dferhalb der Grenzen des Urheberrechtes bed\u00fcrfen der schriftlichen Zustimmung des jeweiligen Autors bzw. Erstellers. Downloads und Kopien dieser Seite sind nur f\u00fcr den privaten, nicht kommerziellen Gebrauch gestattet.<\/p>\n<p>Soweit die Inhalte auf dieser Seite nicht vom Betreiber erstellt wurden, werden die Urheberrechte Dritter beachtet. Insbesondere werden Inhalte Dritter als solche gekennzeichnet. Sollten Sie trotzdem auf eine Urheberrechtsverletzung aufmerksam werden, bitten wir um einen entsprechenden Hinweis. Bei Bekanntwerden von Rechtsverletzungen werden wir derartige Inhalte umgehend entfernen.[\/vc_column_text][\/vc_column_inner][\/vc_row_inner][\/vc_column][\/vc_row]<\/p>\n","protected":false},"excerpt":{"rendered":"<p>[vc_row][vc_column][vc_custom_heading source=&#8221;post_title&#8221; use_theme_fonts=&#8221;yes&#8221;][vc_row_inner][vc_column_inner width=&#8221;1\/2&#8243;][vc_column_text] Angaben gem\u00e4\u00df \u00a7 5 TMG taglicht media Film-&amp;Fernsehproduktion GmbH C\u00e4sarstra\u00dfe 58 D-50968 K\u00f6ln Tel.: +49 221 349090 Fax: +49 221 3490911 kontakt@taglichtmedia.de Gesch\u00e4ftsf\u00fchrer: Dr. Uli Veith, Bernd Wilting HRB 34842, Amtsgericht K\u00f6ln U-St.ID: DE212757491 &nbsp; Verantwortlich f\u00fcr den Inhalt nach \u00a7 55 Abs. 2 RStV taglicht media Film-&amp;Fernsehproduktion GmbH C\u00e9line Deligny\u2026<\/p>\n","protected":false},"author":2,"featured_media":0,"parent":0,"menu_order":900,"comment_status":"closed","ping_status":"closed","template":"","meta":{"footnotes":""},"class_list":["post-847","page","type-page","status-publish","hentry"],"yoast_head":"<!-- This site is optimized with the Yoast SEO plugin v24.7 - https:\/\/yoast.com\/wordpress\/plugins\/seo\/ -->\n<title>Imprint - taglicht media Film- &amp; Fernsehproduktion GmbH<\/title>\n<meta name=\"robots\" content=\"index, follow, max-snippet:-1, max-image-preview:large, max-video-preview:-1\" \/>\n<link rel=\"canonical\" href=\"https:\/\/taglichtmedia.de\/en\/imprint\/\" \/>\n<meta property=\"og:locale\" content=\"en_US\" \/>\n<meta property=\"og:type\" content=\"article\" \/>\n<meta property=\"og:title\" content=\"Imprint - taglicht media Film- &amp; Fernsehproduktion GmbH\" \/>\n<meta property=\"og:description\" content=\"[vc_row][vc_column][vc_custom_heading source=&#8221;post_title&#8221; use_theme_fonts=&#8221;yes&#8221;][vc_row_inner][vc_column_inner width=&#8221;1\/2&#8243;][vc_column_text] Angaben gem\u00e4\u00df \u00a7 5 TMG taglicht media Film-&amp;Fernsehproduktion GmbH C\u00e4sarstra\u00dfe 58 D-50968 K\u00f6ln Tel.: +49 221 349090 Fax: +49 221 3490911 kontakt@taglichtmedia.de Gesch\u00e4ftsf\u00fchrer: Dr. Uli Veith, Bernd Wilting HRB 34842, Amtsgericht K\u00f6ln U-St.ID: DE212757491 &nbsp; Verantwortlich f\u00fcr den Inhalt nach \u00a7 55 Abs. 2 RStV taglicht media Film-&amp;Fernsehproduktion GmbH C\u00e9line Deligny\u2026\" \/>\n<meta property=\"og:url\" content=\"https:\/\/taglichtmedia.de\/en\/imprint\/\" \/>\n<meta property=\"og:site_name\" content=\"taglicht media\" \/>\n<meta property=\"article:modified_time\" content=\"2018-05-24T18:23:04+00:00\" \/>\n<meta name=\"twitter:card\" content=\"summary_large_image\" \/>\n<meta name=\"twitter:label1\" content=\"Est. reading time\" \/>\n\t<meta name=\"twitter:data1\" content=\"2 minutes\" \/>\n<script type=\"application\/ld+json\" class=\"yoast-schema-graph\">{\"@context\":\"https:\/\/schema.org\",\"@graph\":[{\"@type\":\"WebPage\",\"@id\":\"https:\/\/taglichtmedia.de\/en\/imprint\/\",\"url\":\"https:\/\/taglichtmedia.de\/en\/imprint\/\",\"name\":\"Imprint - taglicht media Film- &amp; Fernsehproduktion GmbH\",\"isPartOf\":{\"@id\":\"https:\/\/taglichtmedia.de\/#website\"},\"datePublished\":\"2017-06-01T11:05:09+00:00\",\"dateModified\":\"2018-05-24T18:23:04+00:00\",\"breadcrumb\":{\"@id\":\"https:\/\/taglichtmedia.de\/en\/imprint\/#breadcrumb\"},\"inLanguage\":\"en-US\",\"potentialAction\":[{\"@type\":\"ReadAction\",\"target\":[\"https:\/\/taglichtmedia.de\/en\/imprint\/\"]}]},{\"@type\":\"BreadcrumbList\",\"@id\":\"https:\/\/taglichtmedia.de\/en\/imprint\/#breadcrumb\",\"itemListElement\":[{\"@type\":\"ListItem\",\"position\":1,\"name\":\"Startseite\",\"item\":\"https:\/\/taglichtmedia.de\/en\/\"},{\"@type\":\"ListItem\",\"position\":2,\"name\":\"Imprint\"}]},{\"@type\":\"WebSite\",\"@id\":\"https:\/\/taglichtmedia.de\/#website\",\"url\":\"https:\/\/taglichtmedia.de\/\",\"name\":\"taglicht media\",\"description\":\"Film- &amp; Fernsehproduktion GmbH\",\"publisher\":{\"@id\":\"https:\/\/taglichtmedia.de\/#organization\"},\"potentialAction\":[{\"@type\":\"SearchAction\",\"target\":{\"@type\":\"EntryPoint\",\"urlTemplate\":\"https:\/\/taglichtmedia.de\/?s={search_term_string}\"},\"query-input\":{\"@type\":\"PropertyValueSpecification\",\"valueRequired\":true,\"valueName\":\"search_term_string\"}}],\"inLanguage\":\"en-US\"},{\"@type\":\"Organization\",\"@id\":\"https:\/\/taglichtmedia.de\/#organization\",\"name\":\"taglicht media | Film- & Fernsehproduktion GmbH\",\"url\":\"https:\/\/taglichtmedia.de\/\",\"logo\":{\"@type\":\"ImageObject\",\"inLanguage\":\"en-US\",\"@id\":\"https:\/\/taglichtmedia.de\/#\/schema\/logo\/image\/\",\"url\":\"https:\/\/taglichtmedia.de\/wp-content\/uploads\/2020\/11\/logo.png\",\"contentUrl\":\"https:\/\/taglichtmedia.de\/wp-content\/uploads\/2020\/11\/logo.png\",\"width\":320,\"height\":68,\"caption\":\"taglicht media | Film- & Fernsehproduktion GmbH\"},\"image\":{\"@id\":\"https:\/\/taglichtmedia.de\/#\/schema\/logo\/image\/\"}}]}<\/script>\n<!-- \/ Yoast SEO plugin. -->","yoast_head_json":{"title":"Imprint - taglicht media Film- &amp; Fernsehproduktion GmbH","robots":{"index":"index","follow":"follow","max-snippet":"max-snippet:-1","max-image-preview":"max-image-preview:large","max-video-preview":"max-video-preview:-1"},"canonical":"https:\/\/taglichtmedia.de\/en\/imprint\/","og_locale":"en_US","og_type":"article","og_title":"Imprint - taglicht media Film- &amp; Fernsehproduktion GmbH","og_description":"[vc_row][vc_column][vc_custom_heading source=&#8221;post_title&#8221; use_theme_fonts=&#8221;yes&#8221;][vc_row_inner][vc_column_inner width=&#8221;1\/2&#8243;][vc_column_text] Angaben gem\u00e4\u00df \u00a7 5 TMG taglicht media Film-&amp;Fernsehproduktion GmbH C\u00e4sarstra\u00dfe 58 D-50968 K\u00f6ln Tel.: +49 221 349090 Fax: +49 221 3490911 kontakt@taglichtmedia.de Gesch\u00e4ftsf\u00fchrer: Dr. Uli Veith, Bernd Wilting HRB 34842, Amtsgericht K\u00f6ln U-St.ID: DE212757491 &nbsp; Verantwortlich f\u00fcr den Inhalt nach \u00a7 55 Abs. 2 RStV taglicht media Film-&amp;Fernsehproduktion GmbH C\u00e9line Deligny\u2026","og_url":"https:\/\/taglichtmedia.de\/en\/imprint\/","og_site_name":"taglicht media","article_modified_time":"2018-05-24T18:23:04+00:00","twitter_card":"summary_large_image","twitter_misc":{"Est. reading time":"2 minutes"},"schema":{"@context":"https:\/\/schema.org","@graph":[{"@type":"WebPage","@id":"https:\/\/taglichtmedia.de\/en\/imprint\/","url":"https:\/\/taglichtmedia.de\/en\/imprint\/","name":"Imprint - taglicht media Film- &amp; Fernsehproduktion GmbH","isPartOf":{"@id":"https:\/\/taglichtmedia.de\/#website"},"datePublished":"2017-06-01T11:05:09+00:00","dateModified":"2018-05-24T18:23:04+00:00","breadcrumb":{"@id":"https:\/\/taglichtmedia.de\/en\/imprint\/#breadcrumb"},"inLanguage":"en-US","potentialAction":[{"@type":"ReadAction","target":["https:\/\/taglichtmedia.de\/en\/imprint\/"]}]},{"@type":"BreadcrumbList","@id":"https:\/\/taglichtmedia.de\/en\/imprint\/#breadcrumb","itemListElement":[{"@type":"ListItem","position":1,"name":"Startseite","item":"https:\/\/taglichtmedia.de\/en\/"},{"@type":"ListItem","position":2,"name":"Imprint"}]},{"@type":"WebSite","@id":"https:\/\/taglichtmedia.de\/#website","url":"https:\/\/taglichtmedia.de\/","name":"taglicht media","description":"Film- &amp; Fernsehproduktion GmbH","publisher":{"@id":"https:\/\/taglichtmedia.de\/#organization"},"potentialAction":[{"@type":"SearchAction","target":{"@type":"EntryPoint","urlTemplate":"https:\/\/taglichtmedia.de\/?s={search_term_string}"},"query-input":{"@type":"PropertyValueSpecification","valueRequired":true,"valueName":"search_term_string"}}],"inLanguage":"en-US"},{"@type":"Organization","@id":"https:\/\/taglichtmedia.de\/#organization","name":"taglicht media | Film- & Fernsehproduktion GmbH","url":"https:\/\/taglichtmedia.de\/","logo":{"@type":"ImageObject","inLanguage":"en-US","@id":"https:\/\/taglichtmedia.de\/#\/schema\/logo\/image\/","url":"https:\/\/taglichtmedia.de\/wp-content\/uploads\/2020\/11\/logo.png","contentUrl":"https:\/\/taglichtmedia.de\/wp-content\/uploads\/2020\/11\/logo.png","width":320,"height":68,"caption":"taglicht media | Film- & Fernsehproduktion GmbH"},"image":{"@id":"https:\/\/taglichtmedia.de\/#\/schema\/logo\/image\/"}}]}},"_links":{"self":[{"href":"https:\/\/taglichtmedia.de\/en\/wp-json\/wp\/v2\/pages\/847","targetHints":{"allow":["GET"]}}],"collection":[{"href":"https:\/\/taglichtmedia.de\/en\/wp-json\/wp\/v2\/pages"}],"about":[{"href":"https:\/\/taglichtmedia.de\/en\/wp-json\/wp\/v2\/types\/page"}],"author":[{"embeddable":true,"href":"https:\/\/taglichtmedia.de\/en\/wp-json\/wp\/v2\/users\/2"}],"replies":[{"embeddable":true,"href":"https:\/\/taglichtmedia.de\/en\/wp-json\/wp\/v2\/comments?post=847"}],"version-history":[{"count":3,"href":"https:\/\/taglichtmedia.de\/en\/wp-json\/wp\/v2\/pages\/847\/revisions"}],"predecessor-version":[{"id":1645,"href":"https:\/\/taglichtmedia.de\/en\/wp-json\/wp\/v2\/pages\/847\/revisions\/1645"}],"wp:attachment":[{"href":"https:\/\/taglichtmedia.de\/en\/wp-json\/wp\/v2\/media?parent=847"}],"curies":[{"name":"wp","href":"https:\/\/api.w.org\/{rel}","templated":true}]}}

<p>[vc_row][vc_column][vc_custom_heading source=&#8221;post_title&#8221; use_theme_fonts=&#8221;yes&#8221;][vc_row_inner][vc_column_inner width=&#8221;1/2&#8243;][vc_column_text]</p>
<h3><strong>Angaben gemäß § 5 TMG</strong></h3>
<p>taglicht media<br />
Film-&amp;Fernsehproduktion GmbH<br />
Cäsarstraße 58<br />
D-50968 Köln</p>
<p>Tel.: +49 221 349090<br />
Fax: +49 221 3490911<br />
<a href="mailto:kontakt@taglichtmedia.de">kontakt@taglichtmedia.de</a></p>
<p>Geschäftsführer: Dr. Uli Veith, Bernd Wilting<br />
HRB 34842, Amtsgericht Köln<br />
U-St.ID: DE212757491</p>
<p>&nbsp;</p>
<h3><strong>Verantwortlich für den Inhalt nach § 55 Abs. 2 RStV</strong></h3>
<p>taglicht media<br />
Film-&amp;Fernsehproduktion GmbH<br />
Céline Deligny<br />
Cäsarstraße 58<br />
D-50968 Köln</p>
<p>&nbsp;</p>
<h3><strong>Online-Streitbeilegung</strong></h3>
<p>Die Europäische Kommission stellt unter https://ec.europa.eu/consumers/odr/ eine Plattform zur Online-Streitbeilegung bereit, die Verbraucher für die Beilegung einer Streitigkeit nutzen können und auf der weitere Informationen zum Thema Streitschlichtung zu finden sind.</p>
<p>&nbsp;</p>
<h3><strong>Außergerichtliche Streitbeilegung</strong></h3>
<p>Wir sind weder verpflichtet noch dazu bereit, im Falle einer Streitigkeit mit einem Verbraucher an einem Streitbeilegungsverfahren vor einer Verbraucherschlichtungsstelle teilzunehmen.</p>
<p>&nbsp;</p>
<h3><strong>Haftung für Inhalte</strong></h3>
<p>Als Dienstanbieter sind wir gemäß § 7 Abs.1 TMG für eigene Inhalte auf diesen Seiten nach den allgemeinen Gesetzen verantwortlich. Nach §§ 8 bis 10 TMG sind wir als Dienstanbieter jedoch nicht verpflichtet, übermittelte oder gespeicherte fremde Informationen zu überwachen oder nach Umständen zu forschen, die auf eine rechtswidrige Tätigkeit hinweisen.</p>
<p>Verpflichtungen zur Entfernung oder Sperrung der Nutzung von Informationen nach den allgemeinen Gesetzen bleiben hiervon unberührt. Eine diesbezügliche Haftung ist jedoch erst ab dem Zeitpunkt der Kenntnis einer konkreten Rechtsverletzung möglich. Bei Bekanntwerden von entsprechenden Rechtsverletzungen werden wir diese Inhalte umgehend entfernen.</p>
<p>&nbsp;</p>
<h3><strong>Haftung für Links</strong></h3>
<p>Unser Angebot enthält Links zu externen Webseiten Dritter, auf deren Inhalte wir keinen Einfluss haben. Deshalb können wir für diese fremden Inhalte auch keine Gewähr übernehmen. Für die Inhalte der verlinkten Seiten ist stets der jeweilige Anbieter oder Betreiber der Seiten verantwortlich. Die verlinkten Seiten wurden zum Zeitpunkt der Verlinkung auf mögliche Rechtsverstöße überprüft. Rechtswidrige Inhalte waren zum Zeitpunkt der Verlinkung nicht erkennbar.</p>
<p>Eine permanente inhaltliche Kontrolle der verlinkten Seiten ist jedoch ohne konkrete Anhaltspunkte einer Rechtsverletzung nicht zumutbar. Bei Bekanntwerden von Rechtsverletzungen werden wir derartige Links umgehend entfernen.</p>
<p>&nbsp;</p>
<h3><strong>Urheberrecht</strong></h3>
<p>Die durch die Seitenbetreiber erstellten Inhalte und Werke auf diesen Seiten unterliegen dem deutschen Urheberrecht. Die Vervielfältigung, Bearbeitung, Verbreitung und jede Art der Verwertung außerhalb der Grenzen des Urheberrechtes bedürfen der schriftlichen Zustimmung des jeweiligen Autors bzw. Erstellers. Downloads und Kopien dieser Seite sind nur für den privaten, nicht kommerziellen Gebrauch gestattet.</p>
<p>Soweit die Inhalte auf dieser Seite nicht vom Betreiber erstellt wurden, werden die Urheberrechte Dritter beachtet. Insbesondere werden Inhalte Dritter als solche gekennzeichnet. Sollten Sie trotzdem auf eine Urheberrechtsverletzung aufmerksam werden, bitten wir um einen entsprechenden Hinweis. Bei Bekanntwerden von Rechtsverletzungen werden wir derartige Inhalte umgehend entfernen.[/vc_column_text][/vc_column_inner][/vc_row_inner][/vc_column][/vc_row]</p>

<p>[vc_row][vc_column][vc_custom_heading source=&#8221;post_title&#8221; use_theme_fonts=&#8221;yes&#8221;][vc_row_inner][vc_column_inner width=&#8221;1/2&#8243;][vc_column_text] Angaben gemäß § 5 TMG taglicht media Film-&amp;Fernsehproduktion GmbH Cäsarstraße 58 D-50968 Köln Tel.: +49 221 349090 Fax: +49 221 3490911 kontakt@taglichtmedia.de Geschäftsführer: Dr. Uli Veith, Bernd Wilting HRB 34842, Amtsgericht Köln U-St.ID: DE212757491 &nbsp; Verantwortlich für den Inhalt nach § 55 Abs. 2 RStV taglicht media Film-&amp;Fernsehproduktion GmbH Céline Deligny…</p>

<!-- This site is optimized with the Yoast SEO plugin v24.7 - https://yoast.com/wordpress/plugins/seo/ -->
<title>Imprint - taglicht media Film- &amp; Fernsehproduktion GmbH</title>
<meta name="robots" content="index, follow, max-snippet:-1, max-image-preview:large, max-video-preview:-1" />
<link rel="canonical" href="https://taglichtmedia.de/en/imprint/" />
<meta property="og:locale" content="en_US" />
<meta property="og:type" content="article" />
<meta property="og:title" content="Imprint - taglicht media Film- &amp; Fernsehproduktion GmbH" />
<meta property="og:description" content="[vc_row][vc_column][vc_custom_heading source=&#8221;post_title&#8221; use_theme_fonts=&#8221;yes&#8221;][vc_row_inner][vc_column_inner width=&#8221;1/2&#8243;][vc_column_text] Angaben gemäß § 5 TMG taglicht media Film-&amp;Fernsehproduktion GmbH Cäsarstraße 58 D-50968 Köln Tel.: +49 221 349090 Fax: +49 221 3490911 kontakt@taglichtmedia.de Geschäftsführer: Dr. Uli Veith, Bernd Wilting HRB 34842, Amtsgericht Köln U-St.ID: DE212757491 &nbsp; Verantwortlich für den Inhalt nach § 55 Abs. 2 RStV taglicht media Film-&amp;Fernsehproduktion GmbH Céline Deligny…" />
<meta property="og:url" content="https://taglichtmedia.de/en/imprint/" />
<meta property="og:site_name" content="taglicht media" />
<meta property="article:modified_time" content="2018-05-24T18:23:04+00:00" />
<meta name="twitter:card" content="summary_large_image" />
<meta name="twitter:label1" content="Est. reading time" />
	<meta name="twitter:data1" content="2 minutes" />
<script type="application/ld+json" class="yoast-schema-graph">{"@context":"https://schema.org","@graph":[{"@type":"WebPage","@id":"https://taglichtmedia.de/en/imprint/","url":"https://taglichtmedia.de/en/imprint/","name":"Imprint - taglicht media Film- &amp; Fernsehproduktion GmbH","isPartOf":{"@id":"https://taglichtmedia.de/#website"},"datePublished":"2017-06-01T11:05:09+00:00","dateModified":"2018-05-24T18:23:04+00:00","breadcrumb":{"@id":"https://taglichtmedia.de/en/imprint/#breadcrumb"},"inLanguage":"en-US","potentialAction":[{"@type":"ReadAction","target":["https://taglichtmedia.de/en/imprint/"]}]},{"@type":"BreadcrumbList","@id":"https://taglichtmedia.de/en/imprint/#breadcrumb","itemListElement":[{"@type":"ListItem","position":1,"name":"Startseite","item":"https://taglichtmedia.de/en/"},{"@type":"ListItem","position":2,"name":"Imprint"}]},{"@type":"WebSite","@id":"https://taglichtmedia.de/#website","url":"https://taglichtmedia.de/","name":"taglicht media","description":"Film- &amp; Fernsehproduktion GmbH","publisher":{"@id":"https://taglichtmedia.de/#organization"},"potentialAction":[{"@type":"SearchAction","target":{"@type":"EntryPoint","urlTemplate":"https://taglichtmedia.de/?s={search_term_string}"},"query-input":{"@type":"PropertyValueSpecification","valueRequired":true,"valueName":"search_term_string"}}],"inLanguage":"en-US"},{"@type":"Organization","@id":"https://taglichtmedia.de/#organization","name":"taglicht media | Film- & Fernsehproduktion GmbH","url":"https://taglichtmedia.de/","logo":{"@type":"ImageObject","inLanguage":"en-US","@id":"https://taglichtmedia.de/#/schema/logo/image/","url":"https://taglichtmedia.de/wp-content/uploads/2020/11/logo.png","contentUrl":"https://taglichtmedia.de/wp-content/uploads/2020/11/logo.png","width":320,"height":68,"caption":"taglicht media | Film- & Fernsehproduktion GmbH"},"image":{"@id":"https://taglichtmedia.de/#/schema/logo/image/"}}]}</script>
<!-- / Yoast SEO plugin. -->

[vc_row][vc_column][vc_custom_heading source=&#8221;post_title&#8221; use_theme_fonts=&#8221;yes&#8221;][vc_row_inner][vc_column_inner width=&#8221;1/2&#8243;][vc_column_text] Angaben gemäß § 5 TMG taglicht media Film-&amp;Fernsehproduktion GmbH Cäsarstraße 58 D-50968 Köln Tel.: +49 221 349090 Fax: +49 221 3490911 kontakt@taglichtmedia.de Geschäftsführer: Dr. Uli Veith, Bernd Wilting HRB 34842, Amtsgericht Köln U-St.ID: DE212757491 &nbsp; Verantwortlich für den Inhalt nach § 55 Abs. 2 RStV taglicht media Film-&amp;Fernsehproduktion GmbH Céline Deligny…
